lculate the highest common factor of o and v.
19
Let v(s) = -4*s + 24. Let m be v(0). Suppose 3*z + 9 = 36. Let w(c) = 13*c - 21. Let b be w(z). What is the highest common factor of m and b?
24
Let t be 5475/18 + ((-179)/(-6) - 30). Let v = 46 + -30. What is the greatest common divisor of t and v?
16
Let y = -894 - -4557. Let s be 3/(-5) + y/55. Calculate the greatest common factor of 22 and s.
22
Suppose 0 = -2*g - 4*i + 3001 - 39, 0 = 5*g + 5*i - 7415. Calculate the greatest common divisor of 165 and g.
165
Let z be (-84)/(-76) - 1 - 2/19. Suppose -45*j + 27*j + 144 = z. Calculate the highest common divisor of j and 40.
8
Let t(j) = 185*j - 173. Let k be t(1). Let n(v) = -v**3 + 6*v**2 - 5*v - 2. Let z be n(4). Let o = 8 + z. What is the greatest common factor of k and o?
6
Let q be ((-4)/(-4 - -8)*0)/1. Let r(v) = -v**2 + 2*v + 11. Let o be r(q). What is the highest common factor of o and 55?
11
Suppose 31*r + 23*r - 5*r - 4704 = 0. Calculate the greatest common divisor of 1256 and r.
8
Suppose 3072 = 158*n - 126*n. Suppose -4*a = -a - 72. What is the highest common factor of a and n?
24
Suppose -2863 = -42*o + 497. What is the highest common factor of 752 and o?
16
Let i be 1/2*1*(7 - 1). Suppose -2*y - i*h = -0*y - 22, -54 = -4*y - h. Suppose -z = 3*u - 4 - 6, z + y = 5*u. Calculate the highest common factor of u and 15.
3
Let v be -2340*11/(-22 + 0). Calculate the greatest common factor of v and 360.
90
Suppose -3*t - 7*i - 71 = -2*i, -3*i = 4*t + 91. Let n be (-11436)/t + 4/22. What is the greatest common factor of n and 40?
40
Let c(y) = 8 - y**3 + 56*y + 13*y**2 - 23*y - 26*y + 8. Let t be c(12). Calculate the greatest common divisor of 183 and t.
61
Suppose 2*c = 3*x - 73008, -82*x + 48658 = -80*x + c. Calculate the highest common divisor of 308 and x.
308
Suppose v = -4*p + 53, p - 29*v + 26*v - 23 = 0. Calculate the greatest common factor of p and 35.
7
Let g(r) = r**2 + 9*r + 8. Let k be g(-8). Suppose -25 - 28 = -3*p - 4*t, k = t + 4. What is the greatest common factor of 23 and p?
23
Let x be 1136 - (435/15 - 22). Calculate the greatest common divisor of x and 1.
1
Let v(i) = 2*i**2 - 44*i + 18. Let q be v(22). Calculate the greatest common factor of q and 128.
2
Suppose 0 = -l + 8*n + 1 + 11, -2*n - 48 = -l. Suppose 5*t = 772 + 1328. What is the greatest common divisor of l and t?
60
Let r(z) = z**3 + 7*z**2 + 11*z + 24. Let b be r(-6). Let j be (22/4)/(b*(-6)/3096). Calculate the highest common factor of 11 and j.
11
Let f = 51 - 38. Let k be (-2)/(3/(-90)*4). Suppose 0 = 2*y - 3*b - 36, b = 2*y - f - k. Calculate the highest common factor of y and 132.
12
Suppose 0 = a + 236 - 1352. Let v be (-10)/2 + 0 + (a - 1). What is the highest common divisor of v and 15?
15
Let p = 165 + -147. Let u be 8/(-14) + (-8)/(-14). Suppose -a - z = -24, u = 4*z - 7*z. Calculate the highest common divisor of p and a.
6
Let z = -114 + 116. Suppose 122 = 8*l + z. What is the greatest common divisor of l and 105?
15
Suppose 0 = -7*x + 4*x - 5*p + 38, -68 = -4*x + 2*p. Let h(v) = -2*v**2 + 32*v + 2. Let c be h(x). Calculate the highest common divisor of 4 and c.
2
Suppose 4*o + 25 = -o, 4*o = -5*p + 27210. What is the highest common factor of 28 and p?
14
Suppose 5*z + 0*z = 5*y - 15, -2*z = 5*y + 6. Suppose y = 8*w - 6*w - 68. Calculate the greatest common factor of 17 and w.
17
Suppose -27*p - 26*p = -3710. What is the highest common divisor of p and 665?
35
Suppose 0 = -7*o - 14 - 7. Let z be o + -11*(0 + -9). Let b be (-16)/z - (-61)/6. What is the highest common divisor of b and 10?
10
Let f be 98 + (-7)/((-14)/4). Let p(s) = 2*s**2 - 28*s - 9. Let v be p(18). Let r = v + -110. What is the highest common divisor of f and r?
25
Suppose 4*x - 12 = -k + 7*x, 2*x - 9 = -5*k. Suppose 3*h = h - 4, -78 = -3*l + k*h. Calculate the greatest common divisor of 72 and l.
24
Suppose s = 3*j + 654, -j + 2*j - 3238 = -5*s. What is the highest common factor of 378 and s?
54
Suppose -f + 1052 = 41*i - 44*i, 0 = 2*f + 5*i - 2049. Let v be 122*(10/4 - 4/2). Calculate the greatest common factor of v and f.
61
Let b(q) be the second derivative of 5*q**4/12 + 4*q**3/3 + 12*q**2 - 2*q - 84. Let u be b(-2). What is the greatest common divisor of 1 and u?
1
Let p = 4266 + -3259. Calculate the highest common divisor of 212 and p.
53
Let y = -174 - -179. Suppose 124 = 2*o + y*k, 0 = 10*k - 5*k + 20. Calculate the greatest common factor of o and 144.
72
Suppose -4*c + 82 = -2*v, 97 = -248*c + 252*c - 5*v. What is the greatest common divisor of 1692 and c?
18
Let x = -29562 + 33429. What is the highest common divisor of 3 and x?
3
Let s be (-2090)/(-40) - (-2)/(-8). Let k be (s/91)/(4/14). Let z be ((-14)/(-42))/(k/66). Calculate the highest common divisor of 11 and z.
11
Let r(g) = -g**3 - 9*g**2 - 2*g - 11. Let a be r(-9). Suppose -12*i + 133 = -9*i - 5*d, -5*i = 16*d - 392. What is the greatest common divisor of i and a?
7
Let f(z) = 17*z**2 - 11*z**2 + 4*z**2. Let s be f(-3). Suppose 18*v - 24*v = -s. Calculate the highest common factor of v and 255.
15
Let k(c) = 2*c**3 + 54*c**2 - c + 37. Let r be k(-19). Calculate the greatest common divisor of r and 24.
24
Suppose -t - 4*t + 230 = 0. Suppose -t = 10*d - 146. Let h(l) = -l**2 + 13*l - 9. Let j be h(d). Calculate the highest common factor of j and 21.
21
Let x(h) = 6*h**2 + h. Suppose 15 = -14*m + 155. Suppose 13 - m = o. Let i be x(o). Calculate the highest common divisor of 171 and i.
57
Suppose -42*p + 24*p = -28*p + 20. Calculate the highest common divisor of 5048 and p.
2
Suppose -2*r + 502 = -362. Let a = 7937 - 7921. Suppose -r = 12*g - a*g. Calculate the highest common factor of g and 72.
36
Let z be (-17880)/(-27 + 23) + 10. Calculate the highest common divisor of z and 35.
35
Let s(x) = 40*x**2 + 16*x + 26. Let p be s(-2). Suppose 8*k + p = 10*k. What is the greatest common factor of 7 and k?
7
Let h = 1323 - 1269. Calculate the greatest common divisor of 414 and h.
18
Let m(z) = -208*z + 88. Let j be m(0). Calculate the greatest common factor of j and 32.
8
Let s be 0/((-8)/(-12)*-3). Suppose -7*x - 256 + 746 = s. What is the greatest common factor of 10 and x?
10
Let d(i) = 2*i**2 + 15*i + 22. Let s be d(8). Let c = 413 - s. Calculate the greatest common divisor of c and 33.
11
Let w = -432 - -446. Calculate the highest common divisor of w and 2954.
14
Let w be (4/10)/((-1)/(-10)) - 109. Let x = 105 + w. Suppose x = 23*t - 19*t - 224. Calculate the greatest common divisor of t and 7.
7
Let l(m) = 2157*m - 87. Let f be l(4). What is the highest common divisor of f and 117?
117
Suppose -29*d - 70 = -36*d. Suppose -4*s - 4*q = -176, d*s - 8*s + 3*q = 84. Calculate the greatest common factor of s and 816.
48
Let b = 1663 + -1420. What is the highest common factor of b and 45?
9
Suppose 4*w + 6 = -2, 4 = -n - 4*w. Suppose -n*k - 5*r - 288 = -8*k, 2*r - 360 = -5*k. What is the greatest common divisor of k and 18?
18
Let n be (34 - 29) + 1 + 1294. Calculate the highest common factor of 20 and n.
20
Let c = 1389 + -685. Calculate the greatest common divisor of c and 4672.
64
Let d be -4 + 2 + -3 + 59. Suppose -2*a = -5*l + 440, 29*l - 5*a + 115 = 30*l. What is the greatest common factor of d and l?
18
Let a be (11 - 6587/(-14)) + (-4 - 42/(-12)). What is the greatest common factor of 3737 and a?
37
Let k be (-1)/(-4) + 984/32. Let m = -186 + 340. Let p = m + -92. Calculate the greatest common factor of p and k.
31
Suppose 24*b - 3624 = 720. Suppose -2*q + b = 5*s, 8*q - 84 = -2*s + 13*q. Calculate the greatest common divisor of s and 333.
37
Suppose 14820 = 74*t - 22*t. Calculate the highest common divisor of t and 2085.
15
Suppose 2*o = 2*l - 24 - 6, -2*o = -l + 10. Let c = -16 + l. Suppose c*x = r - 56, -4*r + 0*x = -4*x - 260. What is the highest common factor of 17 and r?
17
Let u = -34612 + 41034. Calculate the greatest common divisor of u and 38.
38
Let q(k) = -5*k - 98. Let z(u) = u + 1. Let a(g) = q(g) - 2*z(g). Let r be a(-16). What is the greatest common divisor of r and 16?
4
Suppose -22*p + 56 = -21*p. Let r = 42 + 9. Let c = r + -44. Calculate the highest common factor of p and c.
7
Suppose -13*f = -15*f + 88. Calculate the highest common factor of f and 1540.
44
Suppose 3*u + 5 = -5*t - 8, -u 